1544?
2, 262693
What are the prime factors of 1001385?
3, 5, 7, 11, 17
List the prime factors of 2549816.
2, 139, 2293
What are the prime factors of 805531?
805531
What are the prime factors of 8085429?
3, 11, 81671
What are the prime factors of 6323320?
2, 5, 17, 547
What are the prime factors of 1787696?
2, 111731
What are the prime factors of 9095559?
3, 11, 275623
List the prime factors of 484797.
3, 161599
List the prime factors of 1418994.
2, 3, 31, 2543
List the prime factors of 711267.
3, 237089
List the prime factors of 3474870.
2, 3, 5, 7, 16547
List the prime factors of 23324476.
2, 7, 17, 19, 2579
What are the prime factors of 2061641?
17, 173, 701
What are the prime factors of 9648274?
2, 1307, 3691
List the prime factors of 3357906.
2, 3, 67, 8353
What are the prime factors of 4637830?
2, 5, 61, 7603
List the prime factors of 158282.
2, 29, 2729
List the prime factors of 3092032.
2, 48313
What are the prime factors of 524902?
2, 7, 37493
List the prime factors of 560641.
560641
List the prime factors of 48160.
2, 5, 7, 43
What are the prime factors of 1756337?
11, 159667
List the prime factors of 4966902.
2, 3, 275939
What are the prime factors of 126524?
2, 47, 673
What are the prime factors of 205377?
3, 17, 4027
List the prime factors of 327384.
2, 3, 4547
What are the prime factors of 401842?
2, 7, 28703
List the prime factors of 183665.
5, 109, 337
List the prime factors of 80484.
2, 3, 19, 353
What are the prime factors of 501306?
2, 3, 13, 6427
List the prime factors of 2245610.
2, 5, 19, 53, 223
What are the prime factors of 371580?
2, 3, 5, 11, 563
List the prime factors of 42935.
5, 31, 277
What are the prime factors of 13896155?
5, 7, 13, 4363
List the prime factors of 20059481.
13, 1543037
What are the prime factors of 10231395?
3, 5, 31, 22003
What are the prime factors of 2792355?
3, 5, 186157
What are the prime factors of 18567410?
2, 5, 293, 6337
List the prime factors of 90944.
2, 7, 29
List the prime factors of 154944.
2, 3, 269
What are the prime factors of 793763?
19, 41777
List the prime factors of 3162989.
3162989
What are the prime factors of 2823529?
2823529
What are the prime factors of 172418?
2, 86209
What are the prime factors of 2531695?
5, 506339
List the prime factors of 169705.
5, 33941
What are the prime factors of 810741?
3, 53, 5099
List the prime factors of 422475.
3, 5, 43, 131
List the prime factors of 2104697.
7, 42953
What are the prime factors of 1139551?
7, 173, 941
What are the prime factors of 985804?
2, 41, 6011
List the prime factors of 339485.
5, 43, 1579
What are the prime factors of 731651?
731651
List the prime factors of 125876.
2, 31469
What are the prime factors of 84962?
2, 23, 1847
What are the prime factors of 3812058?
2, 3, 211781
List the prime factors of 8654070.
2, 3, 5, 61, 4729
What are the prime factors of 174069?
3, 7, 307
List the prime factors of 207703.
229, 907
List the prime factors of 9522564.
2, 3, 793547
What are the prime factors of 409199?
7, 1193
List the prime factors of 19771179.
3, 797, 8269
What are the prime factors of 26377670?
2, 5, 11, 37, 6481
What are the prime factors of 142366?
2, 7, 10169
List the prime factors of 4122211.
17, 242483
List the prime factors of 246569.
246569
List the prime factors of 36461.
19, 101
What are the prime factors of 103135?
5, 20627
What are the prime factors of 750183?
3, 7, 139, 257
List the prime factors of 67231.
67231
List the prime factors of 2131781.
19, 112199
List the prime factors of 7780456.
2, 972557
What are the prime factors of 447995?
5, 89599
What are the prime factors of 9486559?
9486559
List the prime factors of 10975540.
2, 5, 17, 19, 1699
List the prime factors of 722303.
29, 24907
List the prime factors of 283931.
499, 569
What are the prime factors of 214727?
17, 743
List the prime factors of 2815146.
2, 3, 29, 5393
What are the prime factors of 9722201?
9722201
List the prime factors of 4703537.
31, 71, 2137
What are the prime factors of 104689?
13, 8053
What are the prime factors of 414787?
29, 14303
List the prime factors of 18006726.
2, 3, 3001121
What are the prime factors of 2055240?
2, 3, 5, 11, 173
What are the prime factors of 5068155?
3, 5, 19, 17783
List the prime factors of 3895429.
31, 125659
What are the prime factors of 4724233?
4724233
List the prime factors of 2605828.
2, 17, 38321
What are the prime factors of 253258?
2, 139, 911
What are the prime factors of 3324575?
5, 71, 1873
What are the prime factors of 6237259?
7, 127291
What are the prime factors of 8639?
53, 163
What are the prime factors of 334368?
2, 3, 43
What are the prime factors of 333690?
2, 3, 5, 7, 227
What are the prime factors of 255924?
2, 3, 7109
List the prime factors of 4262499.
3, 473611
What are the prime factors of 1604016?
2, 3, 47, 79
List the prime factors of 1837768.
2, 17, 13513
List the prime factors of 1394093.
463, 3011
List the prime factors of 241406.
2, 11, 10973
List the prime factors of 155585.
5, 29, 37
List the prime factors of 10471446.
2, 3, 43, 83, 163
What are the prime factors of 1067411?
1067411
List the prime factors of 145952.
2, 4561
List the prime factors of 11824119.
3, 47, 27953
List the prime factors of 546496.
2, 8539
List the prime factors of 22578640.
2, 5, 7, 23, 1753
What are the prime factors of 2233322?
2, 7, 13, 1753
What are the prime factors of 102612?
2, 3, 17, 503
List the prime factors of 695842.
2, 7, 23, 2161
List the prime factors of 7503408.
2, 3, 11, 1579
List the prime factors of 2046400.
2, 5, 1279
What are the prime factors of 888993?
3, 7, 103, 137
What are the prime factors of 453404?
2, 7, 16193
List the prime factors of 149531.
149531
What are the prime factors of 165700?
2, 5, 1657
List the prime factors of 8442224.
2, 7, 75377
What are the prime factors of 2046379?
23, 193, 461
List the prime factors of 12742696.
2, 97, 16421
List the prime factors of 15956.
2, 3989
What are the prime factors of 2296994?
2, 7, 164071
List the prime factors of 614114.
2, 199, 1543
What are the prime factors of 776141?
149, 5209
List the prime factors of 31459.
163, 193
What are the prime factors of 8541087?
3, 71, 40099
List the prime factors of 13974747.
3, 19, 245171
What are the prime factors of 121167?
3, 13463
List the prime factors of 1052962.
2, 41, 12841
List the prime factors of 4708916.
2, 37, 31817
What are the prime factors of 1545766?
2, 811, 953
What are the prime factors of 41210?
2, 5, 13, 317
List the prime factors of 183606.
2, 3, 71, 431
List the prime factors of 753822.
2, 3, 41879
List the prime factors of 76387.
76387
List the prime factors of 5055755.
5, 103, 9817
List the prime factors of 12778606.
2, 6389303
What are the prime factors of 1449602?
2, 7, 11, 9413
What are the prime factors of 164938?
2, 82469
List the prime factors of 357715.
5, 29, 2467
What are the prime factors of 897551?
449, 1999
List the prime factors of 17657734.
2, 1663, 5309
List the prime factors of 275543.
275543
What are the prime factors of 3631952?
2, 43, 5279
List the prime factors of 615247.
17, 36191
List the prime factors of 7497299.
47, 269, 593
What are the prime factors of 1771464?
2, 3, 31, 2381
What are the prime factors of 1096841?
61, 17981
What are the prime factors of 1270633?
7, 13, 13963
What are the prime factors of 14758981?
14758981
List the prime factors of 151570.
2, 5, 23, 659
What are the prime factors of 96736?
2, 3023
What are the prime factors of 1121954?
2, 560977
List the prime factors of 2853052.
2, 149, 4787
List the prime factors of 646723.
7, 11, 37, 227
List the prime factors of 578115.
3, 5, 29, 443
List the prime factors of 6954910.
2, 5, 695491
What are the prime factors of 6881?
7, 983
What are the prime factors of 423328?
2, 13229
What are the prime factors of 210313?
43, 67, 73
List the prime factors of 3763890.
2, 3, 5, 13, 3217
What are the prime factors of 421823?
137, 3079
What are the prime factors of 2252013?
3, 19, 39509
What are the prime factors of 14541632?
2, 7, 4637
List the prime factors of 3956668.
2, 277, 3571
List the prime factors of 2131567.
2131567
List the prime factors of 2281535.
5, 199, 2293
What are the prime factors of 16793996?
2, 59, 71161
List the prime factors of 372717.
3, 41413
What are t